mmon divisor of 12 and 9330?
6
What is the highest common factor of 738 and 288?
18
Calculate the greatest common divisor of 77 and 189.
7
What is the highest common divisor of 98 and 4018?
98
Calculate the greatest common factor of 735 and 60.
15
What is the highest common divisor of 5037 and 276?
69
What is the highest common divisor of 15 and 565?
5
What is the highest common divisor of 54 and 135?
27
What is the greatest common divisor of 24 and 1182?
6
Calculate the greatest common factor of 10 and 58.
2
Calculate the greatest common factor of 24 and 5268.
12
What is the greatest common divisor of 7 and 95?
1
What is the highest common factor of 38 and 34618?
38
What is the greatest common divisor of 39 and 663?
39
Calculate the greatest common factor of 258 and 473.
43
Calculate the greatest common factor of 8 and 22280.
8
Calculate the greatest common divisor of 42291 and 333.
333
What is the highest common divisor of 1702 and 74?
74
What is the highest common factor of 350 and 50?
50
Calculate the greatest common divisor of 1 and 29.
1
Calculate the greatest common factor of 713 and 23.
23
What is the highest common factor of 45 and 1395?
45
What is the greatest common factor of 5052 and 12?
12
What is the greatest common divisor of 1573 and 104?
13
Calculate the highest common factor of 8 and 100.
4
Calculate the highest common factor of 264 and 352.
88
What is the greatest common divisor of 1240 and 70?
10
Calculate the greatest common divisor of 20 and 1108.
4
What is the highest common factor of 48 and 27?
3
Calculate the highest common divisor of 176 and 55.
11
Calculate the greatest common factor of 172 and 258.
86
What is the greatest common divisor of 8 and 5592?
8
What is the greatest common divisor of 5467 and 77?
77
What is the highest common divisor of 193 and 1737?
193
What is the highest common divisor of 3757 and 221?
221
Calculate the highest common factor of 175 and 7175.
175
What is the highest common factor of 304 and 1264?
16
Calculate the greatest common factor of 5 and 320.
5
Calculate the highest common divisor of 99 and 1353.
33
What is the highest common divisor of 14 and 55?
1
Calculate the highest common factor of 150 and 570.
30
Calculate the greatest common factor of 120 and 1350.
30
What is the greatest common divisor of 28 and 26516?
28
What is the greatest common factor of 1110 and 30?
30
What is the greatest common divisor of 11 and 1507?
11
What is the greatest common divisor of 15 and 642?
3
Calculate the greatest common factor of 1476 and 72.
36
Calculate the highest common divisor of 204 and 18088.
68
What is the highest common factor of 20 and 1580?
20
What is the greatest common divisor of 9180 and 2380?
340
What is the highest common divisor of 552 and 48?
24
Calculate the highest common factor of 60 and 195.
15
Calculate the greatest common factor of 1806 and 42.
42
Calculate the highest common divisor of 204 and 1479.
51
What is the highest common factor of 455 and 35?
35
Calculate the greatest common factor of 23 and 11293.
23
What is the greatest common factor of 180 and 16?
4
Calculate the greatest common divisor of 944 and 16.
16
What is the highest common divisor of 20 and 540?
20
Calculate the greatest common factor of 110 and 770.
110
What is the greatest common factor of 8 and 212?
4
What is the greatest common divisor of 39 and 741?
39
Calculate the highest common divisor of 297 and 792.
99
What is the highest common factor of 45 and 60?
15
Calculate the greatest common divisor of 9652 and 1143.
127
What is the highest common factor of 348 and 108?
12
Calculate the greatest common divisor of 88 and 77.
11
Calculate the greatest common factor of 344 and 6020.
172
What is the greatest common divisor of 1380 and 60?
60
Calculate the highest common factor of 333 and 90.
9
Calculate the highest common factor of 2080 and 130.
130
Calculate the highest common factor of 2256 and 96.
48
What is the greatest common factor of 135 and 225?
45
What is the greatest common divisor of 3 and 384?
3
Calculate the greatest common divisor of 39 and 13.
13
Calculate the highest common divisor of 651 and 35.
7
What is the greatest common divisor of 1560 and 20?
20
What is the greatest common divisor of 46 and 50577?
23
What is the highest common factor of 392 and 224?
56
Calculate the highest common factor of 9 and 33.
3
What is the greatest common factor of 40 and 170?
10
Calculate the highest common factor of 931 and 784.
49
What is the highest common divisor of 3328 and 312?
104
What is the highest common factor of 3880 and 40?
40
What is the greatest common divisor of 40 and 140?
20
Calculate the greatest common factor of 1668 and 12.
12
Calculate the greatest common factor of 594 and 54.
54
What is the greatest common divisor of 34 and 850?
34
Calculate the greatest common divisor of 1230 and 12.
6
Calculate the highest common factor of 672 and 288.
96
What is the greatest common divisor of 88 and 253?
11
What is the highest common divisor of 16 and 5904?
16
Calculate the greatest common factor of 248 and 527.
31
Calculate the greatest common factor of 2877 and 21.
21
What is the greatest common divisor of 680 and 60?
20
What is the highest common factor of 176 and 242?
22
What is the highest common divisor of 48 and 180?
12
What is the greatest common factor of 1501 and 632?
79
Calculate the greatest common divisor of 395 and 10.
5
What is the greatest common divisor of 105 and 3360?
105
What is the greatest common factor of 280 and 630?
70
Calculate the greatest common divisor of 522 and 342.
18
Calculate the highest common factor of 300 and 108.
12
Calculate the greatest common factor of 2249 and 65.
13
Calculate the greatest common divisor of 57 and 1311.
57
Calculate the greatest common divisor of 8137 and 206.
103
Calculate the greatest common divisor of 296 and 752.
8
What is the highest common factor of 39 and 52?
13
Calculate the greatest common divisor of 82 and 902.
82
Calculate the highest common factor of 14 and 11018.
14
What is the greatest common divisor of 22 and 22?
22
Calculate the greatest common divisor of 529 and 1127.
23
Calculate the highest common divisor of 15 and 205.
5
Calculate the greatest common factor of 342 and 2430.
18
Calculate the highest common divisor of 27 and 21.
3
Calculate the greatest common divisor of 40 and 340.
20
What is the highest common factor of 28 and 36?
4
Calculate the greatest common factor of 909 and 18.
9
Calculate the highest common divisor of 928 and 638.
58
What is the highest common divisor of 238 and 112?
14
Calculate the highest common divisor of 840 and 264.
24
Calculate the greatest common factor of 576 and 304.
16
Calculate the greatest common factor of 323 and 57.
19
What is the greatest common divisor of 2 and 526?
2
What is the greatest common factor of 584 and 73?
73
Calculate the greatest common divisor of 123 and 205.
41
Calculate the highest common divisor of 196 and 49.
49
What is the greatest common factor of 1900 and 300?
100
Calculate the highest common factor of 24 and 84.
12
What is the highest common divisor of 1624 and 168?
56
Calculate the greatest common factor of 9 and 18.
9
What is the highest common factor of 1958 and 1?
1
What is the greatest common divisor of 10 and 2230?
10
What is the highest common factor of 93 and 3?
3
What is the greatest common divisor of 38 and 86?
2
Calculate the greatest common factor of 156 and 182.
26
What is the highest common divisor of 217 and 14?
7
Calculate the greatest common divisor of 76 and 171.
19
Calculate the highest common factor of 42 and 2828.
14
What is the greatest common factor of 615 and 30?
15
Calculate the highest common factor of 29806 and 98.
14
What is the highest common factor of 78 and 624?
78
Calculate the highest common divisor of 112 and 294.
14
What is the highest common divisor of 244 and 22082?
122
What is the greatest common divisor of 28 and 140?
28
Calculate the greatest common divisor of 20 and 66.
2
Calculate the greatest common factor of 107 and 3.
1
Calculate the highest common factor of 74 and 32.
2
Calculate the highest common divisor of 225 and 330.
15
What is the greatest common divisor of 10665 and 405?
135
Calculate the highest common divi